eatest common factor of 36567 and 16677?
153
What is the greatest common factor of 347274 and 436?
218
Calculate the greatest common factor of 11594 and 41602.
682
What is the greatest common divisor of 33733 and 14?
7
What is the greatest common divisor of 2004 and 5453886?
1002
Calculate the greatest common divisor of 73854 and 1584.
198
What is the highest common divisor of 80 and 723280?
80
What is the highest common factor of 114 and 70338?
114
What is the greatest common divisor of 1496148 and 24?
12
What is the highest common divisor of 529 and 60881?
23
What is the highest common divisor of 3296447 and 11?
11
Calculate the highest common divisor of 96040 and 30.
10
What is the highest common factor of 660 and 3120?
60
What is the highest common divisor of 30 and 43698?
6
Calculate the greatest common factor of 12240 and 2400.
240
What is the highest common divisor of 5490 and 15?
15
Calculate the greatest common divisor of 29754 and 18.
18
What is the highest common factor of 359432 and 3938?
358
What is the highest common factor of 140 and 29708?
28
Calculate the highest common factor of 60 and 4711548.
12
Calculate the highest common divisor of 5625 and 2880.
45
Calculate the greatest common factor of 173 and 6181117.
173
What is the greatest common factor of 150 and 17790?
30
What is the greatest common divisor of 431025 and 693?
21
Calculate the greatest common divisor of 90852 and 7797.
339
Calculate the greatest common factor of 7059 and 7527.
39
What is the highest common divisor of 2002 and 3938?
22
What is the greatest common factor of 15 and 106605?
15
Calculate the greatest common divisor of 16632 and 782892.
1188
Calculate the greatest common divisor of 2632 and 7448.
56
What is the highest common factor of 211451 and 155?
31
Calculate the highest common divisor of 30652 and 3007.
97
What is the highest common divisor of 430 and 2486690?
430
Calculate the highest common divisor of 134096 and 3016.
232
Calculate the greatest common factor of 167905 and 5.
5
Calculate the greatest common factor of 4 and 125034.
2
Calculate the highest common factor of 122 and 246.
2
Calculate the highest common divisor of 8777 and 3668.
131
What is the highest common factor of 435 and 633505?
145
Calculate the highest common divisor of 3384 and 13308.
12
Calculate the greatest common divisor of 14706 and 19.
19
What is the greatest common divisor of 999 and 535356?
27
What is the highest common divisor of 25912 and 1648?
8
What is the highest common divisor of 1096 and 22331?
137
Calculate the greatest common factor of 59136 and 14168.
616
Calculate the highest common factor of 58 and 43558.
58
What is the highest common factor of 1000 and 322000?
1000
Calculate the highest common factor of 65 and 22906.
13
Calculate the greatest common factor of 266 and 147326.
38
What is the highest common divisor of 732 and 5832?
12
Calculate the highest common divisor of 676 and 128.
4
What is the greatest common factor of 1405 and 39902?
281
Calculate the greatest common factor of 66 and 45969.
33
Calculate the greatest common factor of 27 and 2.
1
What is the greatest common factor of 12234642 and 1554?
1554
What is the greatest common divisor of 7709 and 1573?
13
What is the highest common factor of 50225 and 31775?
1025
What is the greatest common factor of 36 and 222741?
9
Calculate the greatest common factor of 618691 and 199.
199
What is the greatest common factor of 701017 and 667?
667
What is the greatest common factor of 215401 and 94?
47
What is the greatest common divisor of 174 and 818496?
174
What is the highest common divisor of 1377 and 537?
3
Calculate the highest common divisor of 12015 and 3645.
135
What is the highest common divisor of 38080 and 1853?
17
Calculate the greatest common factor of 4 and 61838.
2
Calculate the highest common factor of 1423 and 4031359.
1423
What is the greatest common divisor of 63 and 47199?
3
Calculate the greatest common factor of 58656 and 300.
12
Calculate the greatest common divisor of 176 and 27368.
88
Calculate the greatest common factor of 437669 and 21843.
809
Calculate the highest common factor of 35046 and 12870.
198
Calculate the highest common divisor of 1496 and 6919.
187
What is the greatest common factor of 12 and 440571?
3
What is the greatest common factor of 1 and 2461?
1
What is the highest common divisor of 1017548 and 28?
28
Calculate the greatest common factor of 9604 and 637.
49
Calculate the highest common divisor of 627 and 10593.
33
Calculate the greatest common factor of 372998 and 218.
218
What is the highest common divisor of 220 and 20394?
22
Calculate the highest common divisor of 2081420 and 220.
220
What is the highest common divisor of 34481 and 82?
41
Calculate the highest common divisor of 1411002 and 43.
43
What is the greatest common divisor of 59032 and 3384?
376
What is the greatest common divisor of 256 and 17032?
8
Calculate the greatest common factor of 32 and 186104.
8
Calculate the highest common divisor of 1602648 and 576.
72
What is the greatest common factor of 73 and 190457?
73
What is the highest common factor of 3558 and 24?
6
What is the greatest common factor of 107487 and 12?
3
Calculate the greatest common factor of 3668 and 14934.
262
Calculate the greatest common factor of 1653 and 786.
3
Calculate the greatest common factor of 599786 and 55.
11
Calculate the highest common factor of 156573 and 648.
81
Calculate the highest common factor of 39 and 10205.
13
Calculate the highest common factor of 383 and 316741.
383
Calculate the highest common divisor of 684969 and 915.
183
Calculate the highest common divisor of 9 and 440856.
9
Calculate the greatest common divisor of 1204 and 3051839.
301
What is the greatest common divisor of 57 and 1122007?
19
What is the greatest common divisor of 13248 and 16452?
36
Calculate the highest common divisor of 6472 and 40.
8
What is the highest common divisor of 11973 and 26?
13
What is the highest common divisor of 38477 and 11772?
109
What is the greatest common factor of 272 and 7440?
16
Calculate the greatest common factor of 671 and 1562.
11
Calculate the highest common factor of 584890 and 20.
10
Calculate the highest common factor of 479056 and 5846.
158
What is the highest common factor of 32 and 16800?
32
Calculate the highest common divisor of 8520 and 760.
40
What is the highest common divisor of 38 and 679478?
38
Calculate the greatest common divisor of 27531 and 5681.
437
What is the highest common divisor of 291 and 1747067?
97
Calculate the highest common factor of 70 and 570115.
35
Calculate the highest common divisor of 4114 and 4972.
22
What is the highest common divisor of 194967 and 58?
29
What is the highest common factor of 86 and 108833?
43
Calculate the greatest common factor of 3397 and 130634.
43
What is the greatest common factor of 126247 and 33?
11
What is the greatest common factor of 7806 and 45?
3
Calculate the greatest common divisor of 10750 and 19625.
125
What is the highest common factor of 50939 and 38?
19
Calculate the highest common divisor of 40 and 76460.
20
Calculate the greatest common divisor of 928 and 38860.
116
What is the highest common factor of 580 and 1832510?
290
What is the greatest common divisor of 99450 and 39?
39
What is the highest common factor of 10880 and 81920?
640
Calculate the greatest common divisor of 129 and 136869.
129
Calculate the greatest common factor of 13257 and 23301.
27
Calculate the greatest common factor of 22504 and 232.
232
What is the greatest common divisor of 2145 and 4537?
13
Calculate the greatest common divisor of 78890 and 345.
115
Calculate the highest common factor of 368 and 66784.
16
What is the highest common factor of 12048 and 528?
48
What is the highest common factor of 1102 and 5642791?
551
What is the highest common factor of 1898 and 147898?
146
Calculate the greatest common factor of 22461 and 6.
3
What is the greatest common divisor of 68262 and 2666?
62
What is the greatest common divisor of 427 and 1891?
61
Calculate the highest common factor of 383 and 554201.
383
Calculate the highest common divisor of 4260 and 1704.
852
What is the highest common factor of 946 and 6278?
86
Calculate the greatest common divi